hat is the remainder when 306 is divided by 114?
78
What is the remainder when 1875 is divided by 69?
12
What is the remainder when 176 is divided by 57?
5
What is the remainder when 6577 is divided by 46?
45
What is the remainder when 342 is divided by 23?
20
Calculate the remainder when 529 is divided by 89.
84
Calculate the remainder when 1930 is divided by 1919.
11
What is the remainder when 413 is divided by 32?
29
What is the remainder when 7365 is divided by 81?
75
What is the remainder when 417 is divided by 275?
142
What is the remainder when 801 is divided by 154?
31
Calculate the remainder when 1697 is divided by 29.
15
Calculate the remainder when 142 is divided by 133.
9
What is the remainder when 5872 is divided by 47?
44
What is the remainder when 9865 is divided by 210?
205
What is the remainder when 4553 is divided by 95?
88
Calculate the remainder when 185 is divided by 85.
15
Calculate the remainder when 271 is divided by 102.
67
Calculate the remainder when 9188 is divided by 101.
98
What is the remainder when 1060 is divided by 133?
129
Calculate the remainder when 667 is divided by 28.
23
What is the remainder when 1986 is divided by 164?
18
Calculate the remainder when 1188 is divided by 367.
87
What is the remainder when 534 is divided by 18?
12
What is the remainder when 73 is divided by 20?
13
Calculate the remainder when 604 is divided by 6.
4
What is the remainder when 164 is divided by 68?
28
What is the remainder when 30953 is divided by 201?
200
What is the remainder when 123 is divided by 18?
15
Calculate the remainder when 458 is divided by 20.
18
What is the remainder when 160 is divided by 101?
59
What is the remainder when 817 is divided by 39?
37
Calculate the remainder when 762 is divided by 128.
122
Calculate the remainder when 95 is divided by 24.
23
Calculate the remainder when 3738 is divided by 17.
15
Calculate the remainder when 235 is divided by 30.
25
What is the remainder when 5087 is divided by 16?
15
Calculate the remainder when 209 is divided by 27.
20
What is the remainder when 1970 is divided by 25?
20
What is the remainder when 117 is divided by 8?
5
What is the remainder when 644 is divided by 16?
4
What is the remainder when 1264 is divided by 623?
18
What is the remainder when 58 is divided by 22?
14
What is the remainder when 629 is divided by 211?
207
Calculate the remainder when 167 is divided by 42.
41
Calculate the remainder when 194 is divided by 58.
20
What is the remainder when 80 is divided by 46?
34
What is the remainder when 33 is divided by 32?
1
What is the remainder when 501 is divided by 39?
33
Calculate the remainder when 221 is divided by 58.
47
What is the remainder when 2783 is divided by 155?
148
Calculate the remainder when 2572 is divided by 107.
4
Calculate the remainder when 202 is divided by 115.
87
What is the remainder when 311 is divided by 249?
62
Calculate the remainder when 3990 is divided by 90.
30
Calculate the remainder when 270 is divided by 52.
10
What is the remainder when 891 is divided by 238?
177
Calculate the remainder when 364 is divided by 121.
1
Calculate the remainder when 1184 is divided by 239.
228
Calculate the remainder when 8210 is divided by 52.
46
Calculate the remainder when 7637 is divided by 403.
383
Calculate the remainder when 158 is divided by 157.
1
Calculate the remainder when 1597 is divided by 40.
37
Calculate the remainder when 402 is divided by 128.
18
What is the remainder when 3411 is divided by 122?
117
What is the remainder when 192 is divided by 60?
12
Calculate the remainder when 199 is divided by 102.
97
Calculate the remainder when 237 is divided by 17.
16
Calculate the remainder when 11686 is divided by 2919.
10
Calculate the remainder when 73 is divided by 66.
7
Calculate the remainder when 980 is divided by 123.
119
What is the remainder when 1195 is divided by 90?
25
Calculate the remainder when 972 is divided by 136.
20
Calculate the remainder when 641 is divided by 64.
1
What is the remainder when 3133 is divided by 3122?
11
What is the remainder when 110 is divided by 64?
46
What is the remainder when 296 is divided by 15?
11
What is the remainder when 630 is divided by 85?
35
Calculate the remainder when 201 is divided by 7.
5
Calculate the remainder when 1226 is divided by 152.
10
What is the remainder when 18 is divided by 7?
4
What is the remainder when 5183 is divided by 144?
143
Calculate the remainder when 789 is divided by 197.
1
What is the remainder when 3822 is divided by 45?
42
What is the remainder when 33 is divided by 6?
3
Calculate the remainder when 1886 is divided by 16.
14
What is the remainder when 298 is divided by 177?
121
Calculate the remainder when 557 is divided by 161.
74
Calculate the remainder when 176 is divided by 171.
5
Calculate the remainder when 1604 is divided by 636.
332
What is the remainder when 752 is divided by 12?
8
Calculate the remainder when 21 is divided by 4.
1
Calculate the remainder when 399 is divided by 190.
19
Calculate the remainder when 293 is divided by 37.
34
Calculate the remainder when 6201 is divided by 33.
30
Calculate the remainder when 1831 is divided by 259.
18
What is the remainder when 3463 is divided by 33?
31
What is the remainder when 53 is divided by 12?
5
What is the remainder when 1056 is divided by 212?
208
What is the remainder when 333 is divided by 16?
13
Calculate the remainder when 137 is divided by 118.
19
Calculate the remainder when 257 is divided by 59.
21
What is the remainder when 641 is divided by 81?
74
What is the remainder when 99 is divided by 56?
43
Calculate the remainder when 319 is divided by 36.
31
Calculate the remainder when 1431 is divided by 5.
1
Calculate the remainder when 2121 is divided by 12.
9
What is the remainder when 1514 is divided by 504?
2
What is the remainder when 932 is divided by 78?
74
Calculate the remainder when 314 is divided by 64.
58
What is the remainder when 161 is divided by 73?
15
What is the remainder when 677 is divided by 13?
1
What is the remainder when 336 is divided by 83?
4
Calculate the remainder when 313 is divided by 64.
57
What is the remainder when 2201 is divided by 5?
1
What is the remainder when 268 is divided by 54?
52
What is the remainder when 154 is divided by 111?
43
What is the remainder when 120 is divided by 60?
0
Calculate the remainder when 234 is divided by 115.
4
What is the remainder when 91 is divided by 44?
3
What is the remainder when 30 is divided by 20?
10
Calculate the remainder when 284 is divided by 11.
9
Calculate the remainder when 869 is divided by 111.
92
Calculate the remainder when 329 is divided by 24.
17
What is the remainder when 209 is divided by 112?
97
Calculate the remainder when 151 is divided by 44.
19
What is the remainder when 6236 is divided by 231?
230
What is the remainder when 3178 is divided by 20?
18
Calculate the remainder when 317 is divided by 30.
17
What is the remainder when 194 is divided by 79?
36
What is the remainder when 397 is divided by 111?
64
What is the remainder when 1475 is divided by 58?
25
Calculate the remainder when 117 is divided by 20.
17
What is the remainder when 570 is divided by 147?
129
What is the remainder when 59 is divided by 32?
27
What is the remainder when 180 is divided by 23?
19
Calculate the remainder when 123 is divided by 4.
3
Calculate the remainder when 238 is divided by 30.
28
What is the remainder when 329 is divided by 3?
2
Calculate the remainder when 1364 is divided by 339.
8
Calculate the remainder when 131 is divided by 12.
11
What is the remainder when 18949 is divided by 10?
9
What is the remainder when 667 is divided by 24?
19
What is the remainder when 436 is divided by 25?
11
Calculate the remainder when 606 is divided by 21.
18
Calculate the remainder when 496 is divided by 50.
46
What is the remainder when 334 is divided by 50?
34
Calculate the remainder when 575 is divided by 123.
83
Calculate the remainder when 119 is divided by 3.
2
Calculate the remainder when 329 is divided by 15.
14
What is the remainder when 7589 is divided by 104?
101
Calculate the remainder when 915 is divided by 23.
18
Calculate the remainder when 68 is divided by 25.
18
Calculate the remainder w